z + 5*x, 0 = -4*z + 5*x - 5. Suppose 5*j + 2*r = 0, -3*j + r - 14 = z*r. Suppose -168 = -j*f - 28. What are the prime factors of f?
2, 5, 7
Let g(t) = -t**3 - 13*t**2 + 15*t + 17. Let y be g(-14). Suppose -65 = -5*a + y*b - 5, 2*a = 5*b + 43. List the prime factors of (-6)/a*255/(-10).
17
Let k(d) = -79*d + 13870. List the prime factors of k(-130).
2, 5, 17, 71
Suppose -990*l + 998*l = 136. Suppose -42*w = -l*w - 7800. List the prime factors of w.
2, 3, 13
Let g be ((-2)/3)/(502/(-498) - -1). Suppose d - g = 54. List the prime factors of d.
137
Suppose o - 2 = 2*o, 4*o + 68 = 2*s. Suppose s*b - 31*b + 2 = 0. List the prime factors of 19/(b - 5/5).
19
Let r = -53 - -82. Let t = r - 25. What are the prime factors of (-1)/t + 23925/116?
2, 103
Suppose -32*x + 36*x - 1939 = 5673. List the prime factors of x.
11, 173
Suppose 2*l - 541 - 827 = 0. Let o = 1359 - l. What are the prime factors of o?
3, 5
Suppose 122019 = 39*y + 48618 - 133299. List the prime factors of y.
2, 5, 53
Let n(d) = d**3 - 11*d**2 + 12*d - 22. Let y be n(12). Let u = y + -16. List the prime factors of u.
2, 5
Let l(w) = w**3 - 30*w**2 - 10*w + 108. What are the prime factors of l(31)?
3, 11, 23
Let c(g) = 8*g**3 + 2*g**2 - 41*g + 203. List the prime factors of c(8).
4099
Suppose 12*c = 6*c - 444. Let i = c - -80. Suppose 2*q = 5*f + 108, f = 3*q + i*f - 187. What are the prime factors of q?
59
Let n(l) = 12982*l - 2964. List the prime factors of n(4).
2, 12241
Suppose -35*t + 176951 = 27956. What are the prime factors of t?
3, 11, 43
Let f be ((-2 - (-3 + 2))*-1)/(-1). Let j be 5 + f/(5/25). What are the prime factors of 21 + j/(4 + 0)?
3, 7
Suppose 1 = -y - 19. Let d be (-16)/(-5)*y/(-8). Suppose -420 = 4*m - d*m. List the prime factors of m.
3, 5, 7
Let f(d) = -10*d**3 - 3*d**2 - 4*d - 132. What are the prime factors of f(-13)?
21383
Suppose 4*a + v = 5*v + 48, -9 = -a - 2*v. Suppose 0 = a*g - 3458 - 4330. What are the prime factors of g?
2, 3, 59
Let q(h) be the first derivative of -h**4/4 + 5*h**3 - 5*h**2 + 22*h - 80. List the prime factors of q(10).
2, 211
Let w(f) = -13*f - 50. Let d be w(-4). What are the prime factors of (d/(-2))/((-7)/5222*2)?
373
Let j(k) = -2*k - 11. Let u be j(-10). Suppose 3*n = u, 2*n - 4029 = -5*g + 4*n. Suppose 247 - g = -5*m. What are the prime factors of m?
2, 7
Let l(c) = 10*c - 28. Let k = -117 + 98. Let v be l(k). Let x = v + 351. What are the prime factors of x?
7, 19
Let s = 62890 - 43789. What are the prime factors of s?
3, 6367
Let n(s) = 215*s**2 + 6680*s - 41. What are the prime factors of n(-34)?
21379
Suppose 3739 + 1277 = 11*d. Let z = d - 279. List the prime factors of z.
3, 59
Let x(n) = 3*n + 1. Let l(j) = -67*j - 122. Let o(d) = l(d) - 3*x(d). List the prime factors of o(-14).
3, 313
Let j be ((-3)/(30/(-245)))/((-3)/(-6)). Suppose -45*q - 960 = -j*q. What are the prime factors of q?
2, 3, 5
Suppose 2*f - f + 257 = 3*g, -g + 2*f + 79 = 0. Let d = -75 + g. Suppose 4*n = 4*c + 476, -479 = -d*n + 8*n + 3*c. List the prime factors of n.
2, 61
Let i = -1961 - -12361. Suppose -27*n = -n - i. What are the prime factors of n?
2, 5
Let w be 3/((-10)/((-20480)/(-12))). What are the prime factors of (0 - -4) + -5 - w*1?
7, 73
Suppose -3*x - 3*t + 45 = 0, -175 + 145 = -4*x + 2*t. Let a(p) = -6*p + 23. Let w(v) = -17*v + 69. Let b(u) = 8*a(u) - 3*w(u). List the prime factors of b(x).
7
Let z(i) = -2*i**2 + 4*i + 61. Let c be z(-16). Let b = c - -39. What are the prime factors of (3 - 5 - b)/2?
3, 79
Suppose 0 = 4*f - 4, 29*d + 38407 = 30*d - 5*f. What are the prime factors of d?
2, 3, 11, 97
Let i be -3676*(6 - 81/12). Let k = i + -1781. List the prime factors of k.
2, 61
Let q = -307 + 303. What are the prime factors of 562 + -1 + q/(-32)*16?
563
Let f be 177/(-413) + 94/14*-19. Let t be 82*((-3)/(-2) - 2). Let c = t - f. What are the prime factors of c?
3, 29
Let u = -196 + 199. Suppose -6*i + 3618 = u*i. List the prime factors of i.
2, 3, 67
Let d be -619 - (6 + 1*(-5 + -2)). Let s = d - -864. List the prime factors of s.
2, 3, 41
Suppose 3*p = 5*h + 2*p + 212, -12 = 4*p. Let g = 120 - h. List the prime factors of g.
163
Let t = 46147 - 31234. What are the prime factors of t?
3, 1657
Let o be (-48)/60 + 17637/15. Let s = o - 435. List the prime factors of s.
2, 5, 37
Let j = 698 - 695. Suppose j*l - 5*r - 3054 = -6*r, -5090 = -5*l - 3*r. List the prime factors of l.
2, 509
Let z(c) = -65*c**3 + 3*c**2 + 20*c + 44. Let d(b) = -262*b**3 + 13*b**2 + 80*b + 177. Let l(p) = -2*d(p) + 9*z(p). What are the prime factors of l(-2)?
2, 13, 19
Suppose 0 = 8*w - 8798 - 8162. Suppose -w = -6*c - 422. What are the prime factors of c?
283
Let v(z) = -14*z - 45. Let w be v(-8). Let a be ((4 - 2)/(-1))/1. Let u = w - a. What are the prime factors of u?
3, 23
Let y(t) = -7*t**2 + 20*t + t + 25 - t**3 - 13*t. What are the prime factors of y(-8)?
5
Let b(l) = 1. Let p(v) be the third derivative of v**4/4 - 5*v**3/2 + 2*v**2. Let d(q) = 6*b(q) - p(q). What are the prime factors of d(-3)?
3, 13
Suppose -7*y - 2*y = -261. Suppose -2*o + 5*j + y = 0, -3*o - o + j = -13. Suppose -o*f + 31 = a, -f = 3*a + 9 - 77. What are the prime factors of a?
3, 7
Let q = -111 + 110. Let b be (-34*(-4)/8 + 3)/q. Let f(i) = i**3 + 21*i**2 + 10*i + 13. What are the prime factors of f(b)?
3, 71
Let o = -156097 - -222199. List the prime factors of o.
2, 3, 23, 479
Let a = -517 + 534. What are the prime factors of (a - 14) + -3*592/(-12)?
151
Suppose -38*s = 16*s - 603525 - 1483845. What are the prime factors of s?
3, 5, 859
Suppose 54756 = 4*s + 4*b, -4*s - 40*b + 54753 = -35*b. What are the prime factors of s?
2, 3, 7, 163
Let l(m) = -46*m - 109. Let k(v) = 23*v + 55. Let g(c) = -9*k(c) - 4*l(c). List the prime factors of g(-13).
2, 3, 5
Let l be -5 + (-261)/(-54) - 830/(-12). Let d = -52 + l. What are the prime factors of d?
17
Let x(n) = -287*n**3 + 23 - 14 - 6 + n - 1. List the prime factors of x(-1).
2, 3
Suppose 86856 = 6190*m - 6184*m. What are the prime factors of m?
2, 7, 11, 47
Let n = -35 - -23. Suppose -4*b - 2*k = -130 + 4, -5*b + 4*k + 151 = 0. Let s = n + b. List the prime factors of s.
19
Let d(l) = -3*l**3 - 11*l**2 + 12*l + 30. Let k be d(-9). Suppose -13*f + 10*f = 5*g - 1210, -3*g = -3*f + k. List the prime factors of f.
3, 5
Suppose 6*d = 26 + 34. Suppose -d*w + 121 = 41. Suppose j - w*j = -511. List the prime factors of j.
73
Let l(u) = 2*u**2 - u - 15. Let b be l(7). Suppose 83*a = b*a + 749. List the prime factors of a.
107
Let d = 391 - 385. Suppose 4*u + 615 = 1683. Suppose -d*q - u = -2001. List the prime factors of q.
17
Suppose 0 = 25*j - 262088 + 92913. List the prime factors of j.
67, 101
Suppose -2*z + 88265 = 5*l, 6*z = 3*l + 157327 + 107378. What are the prime factors of z?
2, 5, 1103
Let c = 6282 - 3721. List the prime factors of c.
13, 197
Suppose 34 - 42 = -4*q. Suppose -3*h + q*g = -3757, 5*h - 3662 = -5*g + 2558. List the prime factors of h.
1249
Let l = 1307 + -890. Suppose 5*b + 7*m - l = 3*m, -3*b = -m - 240. What are the prime factors of b?
3
Suppose 3*z + 5*p = 4088, -39*z + 37*z + 2696 = -4*p. List the prime factors of z.
2, 3, 113
Let s be ((-232 + 6)/((-3)/(-6)))/2. Let a = s - -629. What are the prime factors of a?
13, 31
Suppose 37*f + 23*f = 436680. What are the prime factors of f?
2, 3, 1213
Let x(p) = -14*p**2 + 2*p - 2. Let h be x(2). Let j be h/8*(-152)/3. Let s = j + -201. List the prime factors of s.
3, 47
Let d(u) = 20*u - 211. Let q be d(9). Let s = 1521 - q. List the prime factors of s.
2, 97
Let x(r) be the first derivative of -37*r**2/2 + 12*r + 11. Let c(y) = 1. Let a(i) = 6*c(i) - x(i). What are the prime factors of a(3)?
3, 5, 7
Let x be 21/15 - 12/30. Let k be -1 - -1 - x/(7/(-21)). Suppose 0 = m + v - 0*v - 150, -k*m + 2*v = -425. What are the prime factors of m?
5, 29
Let c = 10774 - 7980. List the prime factors of c.
2, 11, 127
Suppose 5*v + 0 - 10 = 0. Suppose 0 = -3*g + 712 + v. List the prime factors of g.
2, 7, 17
Let k = 15416 + -10615. What are the prime factors of k?
4801
Let j = 30481 - -16776. List the prime factors of j.
7, 43, 157
Suppose 2*b = -2*y, -7*y - 8 = -3*y. Suppose -18*g = -17*g + b. Let x(j) = -118*j - 14. What are the prime factors of x(g)?
2, 3, 37
Let m = -489 + 486. What are the pr